{"id":1909,"date":"2021-07-02T10:16:31","date_gmt":"2021-07-02T10:16:31","guid":{"rendered":"https:\/\/fahrschule-arndt-oldenburg.de\/wordpress\/?page_id=1909"},"modified":"2021-07-14T07:38:34","modified_gmt":"2021-07-14T07:38:34","slug":"fuhrpark","status":"publish","type":"page","link":"https:\/\/fahrschule-arndt-oldenburg.de\/?page_id=1909","title":{"rendered":"Fuhrpark"},"content":{"rendered":"\t\t<div data-elementor-type=\"wp-post\" data-elementor-id=\"1909\" class=\"elementor elementor-1909\" data-elementor-settings=\"[]\">\n\t\t\t\t\t\t\t<div class=\"elementor-section-wrap\">\n\t\t\t\t\t\t\t<section class=\"elementor-section elementor-top-section elementor-element elementor-element-fc841c1 elementor-section-boxed elementor-section-height-default elementor-section-height-default\" data-id=\"fc841c1\" data-element_type=\"section\" data-settings=\"{&quot;background_background&quot;:&quot;classic&quot;}\">\n\t\t\t\t\t\t\t<div class=\"elementor-background-overlay\"><\/div>\n\t\t\t\t\t\t\t<div class=\"elementor-container elementor-column-gap-no\">\n\t\t\t\t\t<div class=\"elementor-column elementor-col-100 elementor-top-column elementor-element elementor-element-d9eec21\" data-id=\"d9eec21\" data-element_type=\"column\" data-settings=\"{&quot;background_background&quot;:&quot;classic&quot;}\">\n\t\t\t<div class=\"elementor-widget-wrap elementor-element-populated\">\n\t\t\t\t\t\t\t\t<div class=\"elementor-element elementor-element-2dcda6d elementor-widget elementor-widget-heading\" data-id=\"2dcda6d\" data-element_type=\"widget\" data-widget_type=\"heading.default\">\n\t\t\t\t<div class=\"elementor-widget-container\">\n\t\t\t<h1 class=\"elementor-heading-title elementor-size-default\">Fuhrpark<\/h1>\t\t<\/div>\n\t\t\t\t<\/div>\n\t\t\t\t<div class=\"elementor-element elementor-element-f318848 elementor-widget-divider--view-line elementor-widget elementor-widget-divider\" data-id=\"f318848\" data-element_type=\"widget\" data-widget_type=\"divider.default\">\n\t\t\t\t<div class=\"elementor-widget-container\">\n\t\t\t\t\t<div class=\"elementor-divider\">\n\t\t\t<span class=\"elementor-divider-separator\">\n\t\t\t\t\t\t<\/span>\n\t\t<\/div>\n\t\t\t\t<\/div>\n\t\t\t\t<\/div>\n\t\t\t\t\t<\/div>\n\t\t<\/div>\n\t\t\t\t\t\t\t<\/div>\n\t\t<\/section>\n\t\t\t\t<section class=\"elementor-section elementor-top-section elementor-element elementor-element-2c3a4e1 elementor-section-boxed elementor-section-height-default elementor-section-height-default\" data-id=\"2c3a4e1\" data-element_type=\"section\" data-settings=\"{&quot;background_background&quot;:&quot;classic&quot;}\">\n\t\t\t\t\t\t<div class=\"elementor-container elementor-column-gap-no\">\n\t\t\t\t\t<div class=\"elementor-column elementor-col-100 elementor-top-column elementor-element elementor-element-eef1789\" data-id=\"eef1789\" data-element_type=\"column\">\n\t\t\t<div class=\"elementor-widget-wrap elementor-element-populated\">\n\t\t\t\t\t\t\t\t<div class=\"elementor-element elementor-element-a312038 elementor-widget elementor-widget-text-editor\" data-id=\"a312038\" data-element_type=\"widget\" data-widget_type=\"text-editor.default\">\n\t\t\t\t<div class=\"elementor-widget-container\">\n\t\t\t\t\t\t\t\t<p><b>Ein moderner Fuhrpark erwartet Dich!<\/b><\/p><p>Das wahrscheinlich wichtigste f\u00fcr einen Fahrsch\u00fcler ist der Fuhrpark.<\/p><p>Wir unterrichten so gut wie alle F\u00fchrerscheinklassen. Entsprechend gro\u00df ist unser Fuhrpark \u2013 Vom kleinen Motorroller bis hin zum LKW.<\/p><p>Alle Fahrzeuge sind top-modern und Nichtraucherfahrzeuge!<\/p><p>Hier kannst du dir unseren Fuhrpark ansehen<\/p>\t\t\t\t\t\t<\/div>\n\t\t\t\t<\/div>\n\t\t\t\t\t<\/div>\n\t\t<\/div>\n\t\t\t\t\t\t\t<\/div>\n\t\t<\/section>\n\t\t\t\t<section class=\"elementor-section elementor-top-section elementor-element elementor-element-d6c8a61 elementor-section-boxed elementor-section-height-default elementor-section-height-default\" data-id=\"d6c8a61\" data-element_type=\"section\">\n\t\t\t\t\t\t<div class=\"elementor-container elementor-column-gap-default\">\n\t\t\t\t\t<div class=\"elementor-column elementor-col-33 elementor-top-column elementor-element elementor-element-91c51d6\" data-id=\"91c51d6\" data-element_type=\"column\">\n\t\t\t<div class=\"elementor-widget-wrap elementor-element-populated\">\n\t\t\t\t\t\t\t\t<div class=\"elementor-element elementor-element-578c09c elementor-widget elementor-widget-image\" data-id=\"578c09c\" data-element_type=\"widget\" data-widget_type=\"image.default\">\n\t\t\t\t<div class=\"elementor-widget-container\">\n\t\t\t\t\t\t\t\t\t\t\t\t\t\t\t<img loading=\"lazy\" decoding=\"async\" width=\"369\" height=\"281\" src=\"https:\/\/fahrschule-arndt-oldenburg.de\/wp-content\/uploads\/2021\/07\/20180115_105722-1.jpg\" class=\"attachment-large size-large\" alt=\"\" srcset=\"https:\/\/fahrschule-arndt-oldenburg.de\/wp-content\/uploads\/2021\/07\/20180115_105722-1.jpg 369w, https:\/\/fahrschule-arndt-oldenburg.de\/wp-content\/uploads\/2021\/07\/20180115_105722-1-300x228.jpg 300w\" sizes=\"auto, (max-width: 369px) 100vw, 369px\" \/>\t\t\t\t\t\t\t\t\t\t\t\t\t\t\t<\/div>\n\t\t\t\t<\/div>\n\t\t\t\t\t<\/div>\n\t\t<\/div>\n\t\t\t\t<div class=\"elementor-column elementor-col-33 elementor-top-column elementor-element elementor-element-6cb7055\" data-id=\"6cb7055\" data-element_type=\"column\">\n\t\t\t<div class=\"elementor-widget-wrap elementor-element-populated\">\n\t\t\t\t\t\t\t\t<div class=\"elementor-element elementor-element-995b594 elementor-widget elementor-widget-image\" data-id=\"995b594\" data-element_type=\"widget\" data-widget_type=\"image.default\">\n\t\t\t\t<div class=\"elementor-widget-container\">\n\t\t\t\t\t\t\t\t\t\t\t\t\t\t\t<img loading=\"lazy\" decoding=\"async\" width=\"370\" height=\"280\" src=\"https:\/\/fahrschule-arndt-oldenburg.de\/wp-content\/uploads\/2021\/07\/20180115_111315-1.jpg\" class=\"attachment-large size-large\" alt=\"\" srcset=\"https:\/\/fahrschule-arndt-oldenburg.de\/wp-content\/uploads\/2021\/07\/20180115_111315-1.jpg 370w, https:\/\/fahrschule-arndt-oldenburg.de\/wp-content\/uploads\/2021\/07\/20180115_111315-1-300x227.jpg 300w\" sizes=\"auto, (max-width: 370px) 100vw, 370px\" \/>\t\t\t\t\t\t\t\t\t\t\t\t\t\t\t<\/div>\n\t\t\t\t<\/div>\n\t\t\t\t\t<\/div>\n\t\t<\/div>\n\t\t\t\t<div class=\"elementor-column elementor-col-33 elementor-top-column elementor-element elementor-element-54601c5\" data-id=\"54601c5\" data-element_type=\"column\">\n\t\t\t<div class=\"elementor-widget-wrap elementor-element-populated\">\n\t\t\t\t\t\t\t\t<div class=\"elementor-element elementor-element-4808ff6 elementor-widget elementor-widget-image\" data-id=\"4808ff6\" data-element_type=\"widget\" data-widget_type=\"image.default\">\n\t\t\t\t<div class=\"elementor-widget-container\">\n\t\t\t\t\t\t\t\t\t\t\t\t\t\t\t<img decoding=\"async\" src=\"https:\/\/fahrschule-arndt-oldenburg.de\/wp-content\/uploads\/elementor\/thumbs\/IMG-20180829-WA0012-1-p9iq89zwsrlgabbpzh3zirnv1na3bx8c780djah83e.jpg\" title=\"IMG-20180829-WA0012-1\" alt=\"IMG-20180829-WA0012-1\" \/>\t\t\t\t\t\t\t\t\t\t\t\t\t\t\t<\/div>\n\t\t\t\t<\/div>\n\t\t\t\t\t<\/div>\n\t\t<\/div>\n\t\t\t\t\t\t\t<\/div>\n\t\t<\/section>\n\t\t\t\t<section class=\"elementor-section elementor-top-section elementor-element elementor-element-66ca5df elementor-section-boxed elementor-section-height-default elementor-section-height-default\" data-id=\"66ca5df\" data-element_type=\"section\">\n\t\t\t\t\t\t<div class=\"elementor-container elementor-column-gap-default\">\n\t\t\t\t\t<div class=\"elementor-column elementor-col-33 elementor-top-column elementor-element elementor-element-647b591\" data-id=\"647b591\" data-element_type=\"column\">\n\t\t\t<div class=\"elementor-widget-wrap elementor-element-populated\">\n\t\t\t\t\t\t\t\t<div class=\"elementor-element elementor-element-378c446 elementor-widget elementor-widget-image\" data-id=\"378c446\" data-element_type=\"widget\" data-widget_type=\"image.default\">\n\t\t\t\t<div class=\"elementor-widget-container\">\n\t\t\t\t\t\t\t\t\t\t\t\t\t\t\t<img loading=\"lazy\" decoding=\"async\" width=\"1024\" height=\"683\" src=\"https:\/\/fahrschule-arndt-oldenburg.de\/wp-content\/uploads\/2021\/07\/IMG-20191018-WA0043-1024x683.jpg\" class=\"attachment-large size-large\" alt=\"\" srcset=\"https:\/\/fahrschule-arndt-oldenburg.de\/wp-content\/uploads\/2021\/07\/IMG-20191018-WA0043-1024x683.jpg 1024w, https:\/\/fahrschule-arndt-oldenburg.de\/wp-content\/uploads\/2021\/07\/IMG-20191018-WA0043-300x200.jpg 300w, https:\/\/fahrschule-arndt-oldenburg.de\/wp-content\/uploads\/2021\/07\/IMG-20191018-WA0043-768x512.jpg 768w, https:\/\/fahrschule-arndt-oldenburg.de\/wp-content\/uploads\/2021\/07\/IMG-20191018-WA0043.jpg 1500w\" sizes=\"auto, (max-width: 1024px) 100vw, 1024px\" \/>\t\t\t\t\t\t\t\t\t\t\t\t\t\t\t<\/div>\n\t\t\t\t<\/div>\n\t\t\t\t\t<\/div>\n\t\t<\/div>\n\t\t\t\t<div class=\"elementor-column elementor-col-33 elementor-top-column elementor-element elementor-element-50df260\" data-id=\"50df260\" data-element_type=\"column\">\n\t\t\t<div class=\"elementor-widget-wrap elementor-element-populated\">\n\t\t\t\t\t\t\t\t<div class=\"elementor-element elementor-element-7b70d23 elementor-widget elementor-widget-image\" data-id=\"7b70d23\" data-element_type=\"widget\" data-widget_type=\"image.default\">\n\t\t\t\t<div class=\"elementor-widget-container\">\n\t\t\t\t\t\t\t\t\t\t\t\t\t\t\t<img loading=\"lazy\" decoding=\"async\" width=\"1024\" height=\"683\" src=\"https:\/\/fahrschule-arndt-oldenburg.de\/wp-content\/uploads\/2021\/07\/IMG-20191018-WA0024-1024x683.jpg\" class=\"attachment-large size-large\" alt=\"\" srcset=\"https:\/\/fahrschule-arndt-oldenburg.de\/wp-content\/uploads\/2021\/07\/IMG-20191018-WA0024-1024x683.jpg 1024w, https:\/\/fahrschule-arndt-oldenburg.de\/wp-content\/uploads\/2021\/07\/IMG-20191018-WA0024-300x200.jpg 300w, https:\/\/fahrschule-arndt-oldenburg.de\/wp-content\/uploads\/2021\/07\/IMG-20191018-WA0024-768x512.jpg 768w, https:\/\/fahrschule-arndt-oldenburg.de\/wp-content\/uploads\/2021\/07\/IMG-20191018-WA0024.jpg 1500w\" sizes=\"auto, (max-width: 1024px) 100vw, 1024px\" \/>\t\t\t\t\t\t\t\t\t\t\t\t\t\t\t<\/div>\n\t\t\t\t<\/div>\n\t\t\t\t\t<\/div>\n\t\t<\/div>\n\t\t\t\t<div class=\"elementor-column elementor-col-33 elementor-top-column elementor-element elementor-element-a1c8171\" data-id=\"a1c8171\" data-element_type=\"column\">\n\t\t\t<div class=\"elementor-widget-wrap elementor-element-populated\">\n\t\t\t\t\t\t\t\t<div class=\"elementor-element elementor-element-1778099 elementor-widget elementor-widget-image\" data-id=\"1778099\" data-element_type=\"widget\" data-widget_type=\"image.default\">\n\t\t\t\t<div class=\"elementor-widget-container\">\n\t\t\t\t\t\t\t\t\t\t\t\t\t\t\t<img decoding=\"async\" src=\"https:\/\/fahrschule-arndt-oldenburg.de\/wp-content\/uploads\/elementor\/thumbs\/20210713_143343_resized-pa3f01p1eavxftqg30d4ewtovfhccy3ih5r3ycefcq.jpg\" title=\"20210713_143343_resized\" alt=\"20210713_143343_resized\" \/>\t\t\t\t\t\t\t\t\t\t\t\t\t\t\t<\/div>\n\t\t\t\t<\/div>\n\t\t\t\t\t<\/div>\n\t\t<\/div>\n\t\t\t\t\t\t\t<\/div>\n\t\t<\/section>\n\t\t\t\t\t\t<\/div>\n\t\t\t\t\t<\/div>\n\t\t","protected":false},"excerpt":{"rendered":"<p>Fuhrpark Ein moderner Fuhrpark erwartet Dich! Das wahrscheinlich wichtigste f\u00fcr einen Fahrsch\u00fcler ist der Fuhrpark. Wir unterrichten so gut wie alle F\u00fchrerscheinklassen. Entsprechend gro\u00df ist unser Fuhrpark \u2013 Vom kleinen Motorroller bis hin zum LKW. Alle Fahrzeuge sind top-modern und Nichtraucherfahrzeuge! Hier kannst du dir unseren Fuhrpark ansehen<\/p>\n","protected":false},"author":1,"featured_media":0,"parent":0,"menu_order":0,"comment_status":"closed","ping_status":"closed","template":"","meta":{"footnotes":""},"class_list":["post-1909","page","type-page","status-publish","hentry"],"_links":{"self":[{"href":"https:\/\/fahrschule-arndt-oldenburg.de\/index.php?rest_route=\/wp\/v2\/pages\/1909","targetHints":{"allow":["GET"]}}],"collection":[{"href":"https:\/\/fahrschule-arndt-oldenburg.de\/index.php?rest_route=\/wp\/v2\/pages"}],"about":[{"href":"https:\/\/fahrschule-arndt-oldenburg.de\/index.php?rest_route=\/wp\/v2\/types\/page"}],"author":[{"embeddable":true,"href":"https:\/\/fahrschule-arndt-oldenburg.de\/index.php?rest_route=\/wp\/v2\/users\/1"}],"replies":[{"embeddable":true,"href":"https:\/\/fahrschule-arndt-oldenburg.de\/index.php?rest_route=%2Fwp%2Fv2%2Fcomments&post=1909"}],"version-history":[{"count":7,"href":"https:\/\/fahrschule-arndt-oldenburg.de\/index.php?rest_route=\/wp\/v2\/pages\/1909\/revisions"}],"predecessor-version":[{"id":1991,"href":"https:\/\/fahrschule-arndt-oldenburg.de\/index.php?rest_route=\/wp\/v2\/pages\/1909\/revisions\/1991"}],"wp:attachment":[{"href":"https:\/\/fahrschule-arndt-oldenburg.de\/index.php?rest_route=%2Fwp%2Fv2%2Fmedia&parent=1909"}],"curies":[{"name":"wp","href":"https:\/\/api.w.org\/{rel}","templated":true}]}}